[INFO] fetching crate xml-schema 0.0.7...
[INFO] checking xml-schema-0.0.7 against try#72f88fc4e9458f89516a0b8b0868f3718aec5b47 for pr-74989
[INFO] extracting crate xml-schema 0.0.7 into /workspace/builds/worker-5/source
[INFO] validating manifest of crates.io crate xml-schema 0.0.7 on toolchain 72f88fc4e9458f89516a0b8b0868f3718aec5b47
[INFO] running `Command { std: "/workspace/cargo-home/bin/cargo" "+72f88fc4e9458f89516a0b8b0868f3718aec5b47" "read-manifest" "--manifest-path" "Cargo.toml", kill_on_drop: false }`
[INFO] started tweaking crates.io crate xml-schema 0.0.7
[INFO] finished tweaking crates.io crate xml-schema 0.0.7
[INFO] tweaked toml for crates.io crate xml-schema 0.0.7 written to /workspace/builds/worker-5/source/Cargo.toml
[INFO] running `Command { std: "/workspace/cargo-home/bin/cargo" "+72f88fc4e9458f89516a0b8b0868f3718aec5b47" "generate-lockfile" "--manifest-path" "Cargo.toml" "-Zno-index-update", kill_on_drop: false }`
[INFO] running `Command { std: "/workspace/cargo-home/bin/cargo" "+72f88fc4e9458f89516a0b8b0868f3718aec5b47" "fetch" "--locked" "--manifest-path" "Cargo.toml", kill_on_drop: false }`
[INFO] [stderr]     Blocking waiting for file lock on package cache
[INFO] [stderr]  Downloading crates ...
[INFO] [stderr]   Downloaded xml-schema-derive v0.0.7
[INFO] running `Command { std: "docker" "create" "-v" "/var/lib/crater-agent-workspace/builds/worker-5/target:/opt/rustwide/target:rw,Z" "-v" "/var/lib/crater-agent-workspace/builds/worker-5/source:/opt/rustwide/workdir:ro,Z" "-v" "/var/lib/crater-agent-workspace/cargo-home:/opt/rustwide/cargo-home:ro,Z" "-v" "/var/lib/crater-agent-workspace/rustup-home:/opt/rustwide/rustup-home:ro,Z" "-e" "SOURCE_DIR=/opt/rustwide/workdir" "-e" "CARGO_TARGET_DIR=/opt/rustwide/target" "-e" "CARGO_HOME=/opt/rustwide/cargo-home" "-e" "RUSTUP_HOME=/opt/rustwide/rustup-home" "-w" "/opt/rustwide/workdir" "-m" "1610612736" "--user" "0:0" "--network" "none" "rustops/crates-build-env@sha256:d92eaeed33fa75130ca1ee6c8a01d1ffb62bac859dfdfb3450e3e5d1c0146529" "/opt/rustwide/cargo-home/bin/cargo" "+72f88fc4e9458f89516a0b8b0868f3718aec5b47" "metadata" "--no-deps" "--format-version=1", kill_on_drop: false }`
[INFO] [stdout] d2b4c4e6758133d2766dc6b58d7cb2770dd5eaee0d5a333c3f15f102456fc80a
[INFO] [stderr] WARNING: Your kernel does not support swap limit capabilities or the cgroup is not mounted. Memory limited without swap.
[INFO] running `Command { std: "docker" "start" "-a" "d2b4c4e6758133d2766dc6b58d7cb2770dd5eaee0d5a333c3f15f102456fc80a", kill_on_drop: false }`
[INFO] running `Command { std: "docker" "inspect" "d2b4c4e6758133d2766dc6b58d7cb2770dd5eaee0d5a333c3f15f102456fc80a", kill_on_drop: false }`
[INFO] running `Command { std: "docker" "rm" "-f" "d2b4c4e6758133d2766dc6b58d7cb2770dd5eaee0d5a333c3f15f102456fc80a", kill_on_drop: false }`
[INFO] [stdout] d2b4c4e6758133d2766dc6b58d7cb2770dd5eaee0d5a333c3f15f102456fc80a
[INFO] running `Command { std: "docker" "create" "-v" "/var/lib/crater-agent-workspace/builds/worker-5/target:/opt/rustwide/target:rw,Z" "-v" "/var/lib/crater-agent-workspace/builds/worker-5/source:/opt/rustwide/workdir:ro,Z" "-v" "/var/lib/crater-agent-workspace/cargo-home:/opt/rustwide/cargo-home:ro,Z" "-v" "/var/lib/crater-agent-workspace/rustup-home:/opt/rustwide/rustup-home:ro,Z" "-e" "SOURCE_DIR=/opt/rustwide/workdir" "-e" "CARGO_TARGET_DIR=/opt/rustwide/target" "-e" "CARGO_INCREMENTAL=0" "-e" "RUST_BACKTRACE=full" "-e" "RUSTFLAGS=--cap-lints=forbid" "-e" "CARGO_HOME=/opt/rustwide/cargo-home" "-e" "RUSTUP_HOME=/opt/rustwide/rustup-home" "-w" "/opt/rustwide/workdir" "-m" "1610612736" "--user" "0:0" "--network" "none" "rustops/crates-build-env@sha256:d92eaeed33fa75130ca1ee6c8a01d1ffb62bac859dfdfb3450e3e5d1c0146529" "/opt/rustwide/cargo-home/bin/cargo" "+72f88fc4e9458f89516a0b8b0868f3718aec5b47" "check" "--frozen" "--all" "--all-targets" "--message-format=json", kill_on_drop: false }`
[INFO] [stdout] ef3db652e7814a4571e2ff6ba238eeb0c2d43bac8e7dc388d383905ba0182b08
[INFO] [stderr] WARNING: Your kernel does not support swap limit capabilities or the cgroup is not mounted. Memory limited without swap.
[INFO] running `Command { std: "docker" "start" "-a" "ef3db652e7814a4571e2ff6ba238eeb0c2d43bac8e7dc388d383905ba0182b08", kill_on_drop: false }`
[INFO] [stderr]    Compiling autocfg v1.0.1
[INFO] [stderr]    Compiling libc v0.2.77
[INFO] [stderr]    Compiling log v0.4.11
[INFO] [stderr]    Compiling proc-macro2 v1.0.21
[INFO] [stderr]    Compiling unicode-xid v0.2.1
[INFO] [stderr]    Compiling syn v1.0.40
[INFO] [stderr]    Compiling memchr v2.3.3
[INFO] [stderr]    Compiling cc v1.0.59
[INFO] [stderr]    Compiling pkg-config v0.3.18
[INFO] [stderr]    Compiling futures-core v0.3.5
[INFO] [stderr]    Compiling slab v0.4.2
[INFO] [stderr]    Compiling fnv v1.0.7
[INFO] [stderr]    Compiling pin-project-internal v0.4.23
[INFO] [stderr]    Compiling pin-project-lite v0.1.7
[INFO] [stderr]    Compiling version_check v0.9.2
[INFO] [stderr]    Compiling bitflags v1.2.1
[INFO] [stderr]    Compiling once_cell v1.4.1
[INFO] [stderr]    Compiling openssl v0.10.30
[INFO] [stderr]    Compiling foreign-types-shared v0.1.1
[INFO] [stderr]    Compiling futures-sink v0.3.5
[INFO] [stderr]    Compiling native-tls v0.2.4
[INFO] [stderr]    Compiling futures-io v0.3.5
[INFO] [stderr]    Compiling pin-utils v0.1.0
[INFO] [stderr]    Compiling tinyvec v0.3.4
[INFO] [stderr]    Compiling hashbrown v0.9.0
[INFO] [stderr]    Compiling serde v1.0.116
[INFO] [stderr]    Compiling try-lock v0.2.3
[INFO] [stderr]    Compiling openssl-probe v0.1.2
[INFO] [stderr]    Compiling encoding_rs v0.8.24
[INFO] [stderr]    Compiling percent-encoding v2.1.0
[INFO] [stderr]    Compiling tower-service v0.3.0
[INFO] [stderr]    Compiling mime v0.3.16
[INFO] [stderr]    Compiling unicode-segmentation v1.6.0
[INFO] [stderr]    Compiling base64 v0.12.3
[INFO] [stderr]    Compiling xml-rs v0.8.3
[INFO] [stderr]    Compiling ipnet v2.3.0
[INFO] [stderr]     Checking xml-schema v0.0.7 (/opt/rustwide/workdir)
[INFO] [stderr]    Compiling tracing-core v0.1.16
[INFO] [stderr]    Compiling futures-channel v0.3.5
[INFO] [stderr]    Compiling http v0.2.1
[INFO] [stderr]    Compiling foreign-types v0.3.2
[INFO] [stderr]    Compiling futures-task v0.3.5
[INFO] [stderr]    Compiling unicode-bidi v0.3.4
[INFO] [stderr]    Compiling unicase v2.6.0
[INFO] [stderr]    Compiling unicode-normalization v0.1.13
[INFO] [stderr]    Compiling indexmap v1.6.0
[INFO] [stderr]    Compiling num-traits v0.2.12
[INFO] [stderr]    Compiling num-integer v0.1.43
[INFO] [stderr]    Compiling httparse v1.3.4
[INFO] [stderr]    Compiling heck v0.3.1
[INFO] [stderr]    Compiling tracing v0.1.19
[INFO] [stderr]    Compiling want v0.3.0
[INFO] [stderr]    Compiling yaserde v0.4.3
[INFO] [stderr]    Compiling quote v1.0.7
[INFO] [stderr]    Compiling mime_guess v2.0.3
[INFO] [stderr]    Compiling idna v0.2.0
[INFO] [stderr]    Compiling iovec v0.1.4
[INFO] [stderr]    Compiling net2 v0.2.35
[INFO] [stderr]    Compiling num_cpus v1.13.0
[INFO] [stderr]    Compiling time v0.1.44
[INFO] [stderr]    Compiling socket2 v0.3.15
[INFO] [stderr]    Compiling atty v0.2.14
[INFO] [stderr]    Compiling openssl-sys v0.9.58
[INFO] [stderr]    Compiling colored v1.9.3
[INFO] [stderr]    Compiling mio v0.6.22
[INFO] [stderr]    Compiling url v2.1.1
[INFO] [stderr]    Compiling chrono v0.4.15
[INFO] [stderr]    Compiling tokio v0.2.22
[INFO] [stderr]    Compiling http-body v0.3.1
[INFO] [stderr]    Compiling simple_logger v1.9.0
[INFO] [stderr]    Compiling serde_urlencoded v0.6.1
[INFO] [stderr]    Compiling tokio-util v0.3.1
[INFO] [stderr]    Compiling tokio-tls v0.3.1
[INFO] [stderr]    Compiling yaserde_derive v0.4.3
[INFO] [stderr]    Compiling pin-project v0.4.23
[INFO] [stderr]    Compiling futures-util v0.3.5
[INFO] [stderr]    Compiling h2 v0.2.6
[INFO] [stderr]    Compiling hyper v0.13.7
[INFO] [stderr]    Compiling hyper-tls v0.4.3
[INFO] [stderr]    Compiling reqwest v0.10.8
[INFO] [stderr]    Compiling xml-schema-derive v0.0.7
[INFO] [stdout] error: proc-macro derive panicked
[INFO] [stdout]   --> tests/complex_type.rs:13:19
[INFO] [stdout]    |
[INFO] [stdout] 13 |   #[derive(Debug, XmlSchema)]
[INFO] [stdout]    |                   ^^^^^^^^^
[INFO] [stdout]    |
[INFO] [stdout]    = help: message: No such file or directory (os error 2)
[INFO] [stdout] 
[INFO] [stdout] 
[INFO] [stdout] error: proc-macro derive panicked
[INFO] [stdout]   --> tests/simple_type.rs:13:19
[INFO] [stdout]    |
[INFO] [stdout] 13 |   #[derive(Debug, XmlSchema)]
[INFO] [stdout]    |                   ^^^^^^^^^
[INFO] [stdout]    |
[INFO] [stdout]    = help: message: No such file or directory (os error 2)
[INFO] [stdout] 
[INFO] [stdout] 
[INFO] [stdout] error: proc-macro derive panicked
[INFO] [stdout]   --> tests/simple_type.rs:38:19
[INFO] [stdout]    |
[INFO] [stdout] 38 |   #[derive(Debug, XmlSchema)]
[INFO] [stdout]    |                   ^^^^^^^^^
[INFO] [stdout]    |
[INFO] [stdout]    = help: message: No such file or directory (os error 2)
[INFO] [stdout] 
[INFO] [stdout] 
[INFO] [stdout] error[E0412]: cannot find type `ComplexListOfElements` in this scope
[INFO] [stdout]   --> tests/complex_type.rs:25:17
[INFO] [stdout]    |
[INFO] [stdout] 25 |   let sample_1: ComplexListOfElements = from_str(xml_1).unwrap();
[INFO] [stdout]    |                 ^^^^^^^^^^^^^^^^^^^^^ not found in this scope
[INFO] [stdout] 
[INFO] [stdout] 
[INFO] [stdout] error[E0422]: cannot find struct, variant or union type `ComplexListOfElements` in this scope
[INFO] [stdout]   --> tests/complex_type.rs:27:15
[INFO] [stdout]    |
[INFO] [stdout] 27 |   let model = ComplexListOfElements {
[INFO] [stdout]    |               ^^^^^^^^^^^^^^^^^^^^^ not found in this scope
[INFO] [stdout] 
[INFO] [stdout] 
[INFO] [stdout] warning: unused `#[macro_use]` import
[INFO] [stdout]  --> tests/complex_type.rs:1:1
[INFO] [stdout]   |
[INFO] [stdout] 1 | #[macro_use]
[INFO] [stdout]   | ^^^^^^^^^^^^
[INFO] [stdout]   |
[INFO] [stdout]   = note: `#[warn(unused_imports)]` on by default
[INFO] [stdout] 
[INFO] [stdout] 
[INFO] [stdout] warning: unused import: `log::debug`
[INFO] [stdout]  --> tests/complex_type.rs:4:5
[INFO] [stdout]   |
[INFO] [stdout] 4 | use log::debug;
[INFO] [stdout]   |     ^^^^^^^^^^
[INFO] [stdout] 
[INFO] [stdout] 
[INFO] [stdout] warning: unused import: `std::io::prelude::*`
[INFO] [stdout]  --> tests/complex_type.rs:5:5
[INFO] [stdout]   |
[INFO] [stdout] 5 | use std::io::prelude::*;
[INFO] [stdout]   |     ^^^^^^^^^^^^^^^^^^^
[INFO] [stdout] 
[INFO] [stdout] 
[INFO] [stdout] warning: unused imports: `YaDeserialize`, `YaSerialize`
[INFO] [stdout]  --> tests/complex_type.rs:9:15
[INFO] [stdout]   |
[INFO] [stdout] 9 | use yaserde::{YaDeserialize, YaSerialize};
[INFO] [stdout]   |               ^^^^^^^^^^^^^  ^^^^^^^^^^^
[INFO] [stdout] 
[INFO] [stdout] 
[INFO] [stdout] error[E0412]: cannot find type `SampleType` in this scope
[INFO] [stdout]   --> tests/simple_type.rs:27:17
[INFO] [stdout]    |
[INFO] [stdout] 27 |   let sample_1: SampleType = from_str(xml_1).unwrap();
[INFO] [stdout]    |                 ^^^^^^^^^^ not found in this scope
[INFO] [stdout] 
[INFO] [stdout] 
[INFO] [stdout] error[E0422]: cannot find struct, variant or union type `SampleType` in this scope
[INFO] [stdout]   --> tests/simple_type.rs:29:15
[INFO] [stdout]    |
[INFO] [stdout] 29 |   let model = SampleType {
[INFO] [stdout]    |               ^^^^^^^^^^ not found in this scope
[INFO] [stdout] 
[INFO] [stdout] 
[INFO] [stdout] error[E0412]: cannot find type `BaseType` in this scope
[INFO] [stdout]   --> tests/simple_type.rs:47:17
[INFO] [stdout]    |
[INFO] [stdout] 47 |   let sample_1: BaseType = from_str(xml_1).unwrap();
[INFO] [stdout]    |                 ^^^^^^^^ not found in this scope
[INFO] [stdout] 
[INFO] [stdout] 
[INFO] [stdout] error[E0422]: cannot find struct, variant or union type `BaseType` in this scope
[INFO] [stdout]   --> tests/simple_type.rs:49:15
[INFO] [stdout]    |
[INFO] [stdout] 49 |   let model = BaseType {
[INFO] [stdout]    |               ^^^^^^^^ not found in this scope
[INFO] [stdout] 
[INFO] [stdout] 
[INFO] [stdout] error[E0422]: cannot find struct, variant or union type `StringList` in this scope
[INFO] [stdout]   --> tests/simple_type.rs:50:19
[INFO] [stdout]    |
[INFO] [stdout] 50 |     strings: Some(StringList {
[INFO] [stdout]    |                   ^^^^^^^^^^ not found in this scope
[INFO] [stdout] 
[INFO] [stdout] 
[INFO] [stdout] error[E0422]: cannot find struct, variant or union type `IntegerList` in this scope
[INFO] [stdout]   --> tests/simple_type.rs:53:20
[INFO] [stdout]    |
[INFO] [stdout] 53 |     integers: Some(IntegerList { items: vec![3, 6] }),
[INFO] [stdout]    |                    ^^^^^^^^^^^ not found in this scope
[INFO] [stdout] 
[INFO] [stdout] 
[INFO] [stdout] error[E0422]: cannot find struct, variant or union type `BooleanList` in this scope
[INFO] [stdout]   --> tests/simple_type.rs:54:20
[INFO] [stdout]    |
[INFO] [stdout] 54 |     booleans: Some(BooleanList {
[INFO] [stdout]    |                    ^^^^^^^^^^^ not found in this scope
[INFO] [stdout] 
[INFO] [stdout] 
[INFO] [stdout] warning: unused `#[macro_use]` import
[INFO] [stdout]  --> tests/simple_type.rs:1:1
[INFO] [stdout]   |
[INFO] [stdout] 1 | #[macro_use]
[INFO] [stdout]   | ^^^^^^^^^^^^
[INFO] [stdout]   |
[INFO] [stdout]   = note: `#[warn(unused_imports)]` on by default
[INFO] [stdout] 
[INFO] [stdout] 
[INFO] [stdout] warning: unused import: `log::debug`
[INFO] [stdout]  --> tests/simple_type.rs:4:5
[INFO] [stdout]   |
[INFO] [stdout] 4 | use log::debug;
[INFO] [stdout]   |     ^^^^^^^^^^
[INFO] [stdout] 
[INFO] [stdout] 
[INFO] [stdout] warning: unused import: `std::io::prelude::*`
[INFO] [stdout]  --> tests/simple_type.rs:5:5
[INFO] [stdout]   |
[INFO] [stdout] 5 | use std::io::prelude::*;
[INFO] [stdout]   |     ^^^^^^^^^^^^^^^^^^^
[INFO] [stdout] 
[INFO] [stdout] 
[INFO] [stdout] warning: unused imports: `YaDeserialize`, `YaSerialize`
[INFO] [stdout]  --> tests/simple_type.rs:9:15
[INFO] [stdout]   |
[INFO] [stdout] 9 | use yaserde::{YaDeserialize, YaSerialize};
[INFO] [stdout]   |               ^^^^^^^^^^^^^  ^^^^^^^^^^^
[INFO] [stdout] 
[INFO] [stdout] 
[INFO] [stdout] error: aborting due to 3 previous errors; 4 warnings emitted
[INFO] [stdout] 
[INFO] [stdout] 
[INFO] [stdout] Some errors have detailed explanations: E0412, E0422.
[INFO] [stdout] 
[INFO] [stdout] For more information about an error, try `rustc --explain E0412`.
[INFO] [stdout] 
[INFO] [stdout] error: aborting due to 9 previous errors; 4 warnings emitted
[INFO] [stdout] 
[INFO] [stdout] 
[INFO] [stdout] Some errors have detailed explanations: E0412, E0422.
[INFO] [stdout] 
[INFO] [stdout] For more information about an error, try `rustc --explain E0412`.
[INFO] [stdout] 
[INFO] [stderr] error: could not compile `xml-schema`.
[INFO] [stderr] 
[INFO] [stderr] To learn more, run the command again with --verbose.
[INFO] [stderr] warning: build failed, waiting for other jobs to finish...
[INFO] [stderr] error: build failed
[INFO] running `Command { std: "docker" "inspect" "ef3db652e7814a4571e2ff6ba238eeb0c2d43bac8e7dc388d383905ba0182b08", kill_on_drop: false }`
[INFO] running `Command { std: "docker" "rm" "-f" "ef3db652e7814a4571e2ff6ba238eeb0c2d43bac8e7dc388d383905ba0182b08", kill_on_drop: false }`
[INFO] [stdout] ef3db652e7814a4571e2ff6ba238eeb0c2d43bac8e7dc388d383905ba0182b08
